{"id":10537,"date":"2018-12-10T13:36:20","date_gmt":"2018-12-10T13:36:20","guid":{"rendered":"http:\/\/lasalle.vl20054.dinaserver.com\/bienheureux-arnould-reche\/"},"modified":"2025-07-24T10:18:24","modified_gmt":"2025-07-24T08:18:24","slug":"bienheureux-arnould-reche","status":"publish","type":"page","link":"https:\/\/www.lasalle.org\/fr\/saintete-lasallienne\/bienheureux-arnould-reche\/","title":{"rendered":"Bienheureux Arnould R\u00e8che"},"content":{"rendered":"<div class=\"fusion-fullwidth fullwidth-box fusion-builder-row-1 fusion-flex-container has-pattern-background has-mask-background nonhundred-percent-fullwidth non-hundred-percent-height-scrolling\" style=\"--awb-border-radius-top-left:0px;--awb-border-radius-top-right:0px;--awb-border-radius-bottom-right:0px;--awb-border-radius-bottom-left:0px;--awb-flex-wrap:wrap;\" ><div class=\"fusion-builder-row fusion-row fusion-flex-align-items-flex-start fusion-flex-content-wrap\" style=\"max-width:1248px;margin-left: calc(-4% \/ 2 );margin-right: calc(-4% \/ 2 );\"><div class=\"fusion-layout-column fusion_builder_column fusion-builder-column-0 fusion_builder_column_3_4 3_4 fusion-flex-column\" style=\"--awb-bg-size:cover;--awb-width-large:75%;--awb-margin-top-large:0px;--awb-spacing-right-large:2.56%;--awb-margin-bottom-large:20px;--awb-spacing-left-large:2.56%;--awb-width-medium:75%;--awb-order-medium:0;--awb-spacing-right-medium:2.56%;--awb-spacing-left-medium:2.56%;--awb-width-small:100%;--awb-order-small:0;--awb-spacing-right-small:1.92%;--awb-spacing-left-small:1.92%;\"><div class=\"fusion-column-wrapper fusion-column-has-shadow fusion-flex-justify-content-flex-start fusion-content-layout-column\"><div class=\"fusion-title title fusion-title-1 sep-underline sep-solid fusion-title-text fusion-title-size-two\" style=\"--awb-text-color:var(--awb-custom17);--awb-sep-color:var(--awb-custom17);--awb-font-size:22px;\"><h2 class=\"fusion-title-heading title-heading-left\" style=\"margin:0;font-size:1em;\">Bienheureux Arnould R\u00e8che<\/h2><\/div><div class=\"fusion-text fusion-text-1\"><div class=\"wp-block-image\">\n<figure class=\"alignright is-resized\"><img decoding=\"async\" class=\"wp-image-2637\" src=\"http:\/\/www.lasalle.org\/wp-content\/uploads\/2018\/11\/arnold_reche.png\" alt=\"\" width=\"182\" height=\"245\" srcset=\"https:\/\/www.lasalle.org\/wp-content\/uploads\/2018\/11\/arnold_reche-223x300.png 223w, https:\/\/www.lasalle.org\/wp-content\/uploads\/2018\/11\/arnold_reche.png 364w\" sizes=\"(max-width: 182px) 100vw, 182px\" \/><\/figure>\n<\/div>\n<p><!-- \/wp:post-content --><\/p>\n<p><!-- wp:paragraph --><\/p>\n<p>Jules-Nicolas R\u00e8che na\u00eet dans une famille pauvre de Landroff en Lorraine. Il quitte l&rsquo;\u00e9cole de bonne heure pour travailler comme palefrenier, cocher et enfin charretier au service d&rsquo;une entreprise de construction. Jeune homme il est connu parmi ses compagnons de travail pour sa pi\u00e9t\u00e9 et son autodiscipline.<\/p>\n<p><!-- \/wp:paragraph --><\/p>\n<p><!-- wp:paragraph --><\/p>\n<p>Il rencontre les Fr\u00e8res pour la premi\u00e8re fois quand il suit des classes du soir et il demande \u00e0 entrer dans la congr\u00e9gation. Il enseigne pendant quatorze ans dans un pensionnat de la rue de Venise \u00e0 Reims. Malgr\u00e9 les exigences d&rsquo;un temps complet d&rsquo;enseignement, il parvient \u00e0 \u00e9tudier et devient comp\u00e9tent en th\u00e9ologie, math\u00e9matiques, sciences et agriculture qu&rsquo;il enseigne \u00e0 de petits groupes d&rsquo;\u00e9l\u00e8ves plus avanc\u00e9s. Pendant la guerre Franco-Prussienne de 1870, il travaille avec d&rsquo;autres Fr\u00e8res comme infirmier pour r\u00e9pondre aux besoins m\u00e9dicaux et spirituels des bless\u00e9s des deux camps.<\/p>\n<p><!-- \/wp:paragraph --><\/p>\n<p><!-- wp:paragraph --><\/p>\n<p>Il re\u00e7oit pour cela la croix de bronze. L&rsquo;intensit\u00e9 de sa vie de pri\u00e8re et son amour des pratiques de p\u00e9nitence poussent les sup\u00e9rieurs \u00e0 le nommer Directeur des Novices \u00e0 Thillois. Il gagne le cour de ceux dont il est charg\u00e9 par son attention \u00e9vidente \u00e0 leur d\u00e9veloppement spirituel et professionnel.<\/p>\n<p><!-- \/wp:paragraph --><\/p>\n<p><!-- wp:paragraph --><\/p>\n<p>On parle de petits miracles de gu\u00e9rison, aussi bien que de son aptitude \u00e9trange \u00e0 discerner les pens\u00e9es secr\u00e8tes. Fr\u00e8re Arnould est connu pour sa d\u00e9votion \u00e0 la Passion du Sauveur et sa docilit\u00e9 au Saint Esprit, qui, comme il le fait souvent remarquer \u00ab\u00a0fortifie le cour des hommes\u00a0\u00bb. Quand le noviciat se transporte \u00e0 un nouveau centre \u00e0 Courlancy pr\u00e8s de Reims en 1885, Fr\u00e8re Arnould contribue \u00e0 le faire d\u00e9dier au Sacr\u00e9 Cour. Il meurt \u00e0 l&rsquo;\u00e2ge de cinquante-deux ans en r\u00e9putation de saintet\u00e9, quelques mois seulement apr\u00e8s sa d\u00e9signation comme Directeur g\u00e9n\u00e9ral du Sacr\u00e9-Cour.<\/p>\n<\/div><div class=\"fusion-text fusion-text-2\"><p><div class=\"video-shortcode\"><iframe title=\"Bienheureux Fr\u00e8re Arnould R\u00e8che \u2013 \u201cVie de pri\u00e8re et amour de l\u2019\u00e9ducation\u201d\" width=\"1200\" height=\"675\" src=\"https:\/\/www.youtube.com\/embed\/MRrO7D7yL8M?feature=oembed\" frameborder=\"0\" allow=\"accelerometer; autoplay; clipboard-write; encrypted-media; gyroscope; picture-in-picture; web-share\" referrerpolicy=\"strict-origin-when-cross-origin\" allowfullscreen><\/iframe><\/div><\/p>\n<\/div><div class=\"fusion-separator fusion-full-width-sep\" style=\"align-self: center;margin-left: auto;margin-right: auto;margin-top:15px;margin-bottom:15px;width:100%;\"><div class=\"fusion-separator-border sep-single sep-solid\" style=\"--awb-height:20px;--awb-amount:20px;--awb-sep-color:var(--awb-custom17);border-color:var(--awb-custom17);border-top-width:1px;\"><\/div><\/div><nav class=\"fusion-breadcrumbs fusion-breadcrumbs-1\" style=\"--awb-breadcrumb-sep:&#039;\/&#039;;\" aria-label=\"Breadcrumb\"><ol class=\"awb-breadcrumb-list\"><\/ol><\/nav><\/div><\/div><div class=\"fusion-layout-column fusion_builder_column fusion-builder-column-1 fusion_builder_column_1_4 1_4 fusion-flex-column\" style=\"--awb-bg-size:cover;--awb-width-large:25%;--awb-margin-top-large:0px;--awb-spacing-right-large:7.68%;--awb-margin-bottom-large:20px;--awb-spacing-left-large:7.68%;--awb-width-medium:25%;--awb-order-medium:0;--awb-spacing-right-medium:7.68%;--awb-spacing-left-medium:7.68%;--awb-width-small:100%;--awb-order-small:0;--awb-spacing-right-small:1.92%;--awb-spacing-left-small:1.92%;\"><div class=\"fusion-column-wrapper fusion-column-has-shadow fusion-flex-justify-content-flex-start fusion-content-layout-column\"><div class=\"fusion-title title fusion-title-2 sep-underline sep-solid fusion-title-text fusion-title-size-two\" style=\"--awb-text-color:var(--awb-custom17);--awb-sep-color:var(--awb-custom17);--awb-font-size:22px;\"><h2 class=\"fusion-title-heading title-heading-left\" style=\"margin:0;font-size:1em;\">Dates importantes<\/h2><\/div><ul style=\"--awb-line-height:27.2px;--awb-icon-width:27.2px;--awb-icon-height:27.2px;--awb-icon-margin:11.2px;--awb-content-margin:38.4px;--awb-circlecolor:var(--awb-custom17);--awb-circle-yes-font-size:14.08px;\" class=\"fusion-checklist fusion-checklist-1 fusion-checklist-default type-icons\"><li class=\"fusion-li-item\" style=\"\"><span class=\"icon-wrapper circle-yes\"><i class=\"fusion-li-icon fa-star-half far\" aria-hidden=\"true\"><\/i><\/span><div class=\"fusion-li-item-content\">\r\n<p><strong>M\u00e9moire liturgique : 23 octobre<\/strong><\/p>\r\n<\/div><\/li><li class=\"fusion-li-item\" style=\"\"><span class=\"icon-wrapper circle-yes\"><i class=\"fusion-li-icon fa-star-half far\" aria-hidden=\"true\"><\/i><\/span><div class=\"fusion-li-item-content\">\r\n<p>N\u00e9 \u00e0 Landroff, France, le 2 septembre 1838<\/p>\r\n<\/div><\/li><li class=\"fusion-li-item\" style=\"\"><span class=\"icon-wrapper circle-yes\"><i class=\"fusion-li-icon fa-star-half far\" aria-hidden=\"true\"><\/i><\/span><div class=\"fusion-li-item-content\">\r\n<p>Entr\u00e9 au noviciat, le 23 d\u00e9cembre 1862<\/p>\r\n<\/div><\/li><li class=\"fusion-li-item\" style=\"\"><span class=\"icon-wrapper circle-yes\"><i class=\"fusion-li-icon fa-star-half far\" aria-hidden=\"true\"><\/i><\/span><div class=\"fusion-li-item-content\">\r\n<p>Mort \u00e0 Reims, France, le 23 octobre 1890<\/p>\r\n<\/div><\/li><li class=\"fusion-li-item\" style=\"\"><span class=\"icon-wrapper circle-yes\"><i class=\"fusion-li-icon fa-star-half far\" aria-hidden=\"true\"><\/i><\/span><div class=\"fusion-li-item-content\">\r\n<p>B\u00e9atifi\u00e9 le 1er novembre 1987<\/p>\r\n<\/div><\/li><\/ul><div class=\"fusion-separator fusion-full-width-sep\" style=\"align-self: center;margin-left: auto;margin-right: auto;margin-top:15px;margin-bottom:15px;width:100%;\"><\/div><div class=\"fusion-title title fusion-title-3 sep-underline sep-solid fusion-title-text fusion-title-size-two\" style=\"--awb-text-color:var(--awb-custom17);--awb-sep-color:var(--awb-custom17);--awb-font-size:22px;\"><h2 class=\"fusion-title-heading title-heading-left\" style=\"margin:0;font-size:1em;\">Ressources<\/h2><\/div><ul style=\"--awb-line-height:27.2px;--awb-icon-width:27.2px;--awb-icon-height:27.2px;--awb-icon-margin:11.2px;--awb-content-margin:38.4px;--awb-circlecolor:var(--awb-custom17);--awb-circle-yes-font-size:14.08px;\" class=\"fusion-checklist fusion-checklist-2 fusion-checklist-default type-icons\"><li class=\"fusion-li-item\" style=\"\"><span class=\"icon-wrapper circle-yes\"><i class=\"fusion-li-icon fa-file-image far\" aria-hidden=\"true\"><\/i><\/span><div class=\"fusion-li-item-content\">\r\n<p><a href=\"https:\/\/goo.gl\/photos\/aqA8YiSVtcmqUxxw6\" target=\"_blank\" rel=\"noreferrer noopener\" aria-label=\"Bx Arnould R\u00e8che (abre en una nueva pesta\u00f1a)\">Images<\/a><\/p>\r\n<\/div><\/li><li class=\"fusion-li-item\" style=\"\"><span class=\"icon-wrapper circle-yes\"><i class=\"fusion-li-icon fa-globe fas\" aria-hidden=\"true\"><\/i><\/span><div class=\"fusion-li-item-content\">\r\n<p><a href=\"https:\/\/bienheureux-frere-arnould.webador.fr\/\" target=\"_blank\" rel=\"noreferrer noopener\">Site d\u00e9di\u00e9 au Bienheureux Fr\u00e8re Arnould<\/a><\/p>\r\n<\/div><\/li><\/ul><div class=\"fusion-separator fusion-full-width-sep\" style=\"align-self: center;margin-left: auto;margin-right: auto;margin-top:15px;margin-bottom:15px;width:100%;\"><div class=\"fusion-separator-border sep-single sep-solid\" style=\"--awb-height:20px;--awb-amount:20px;--awb-sep-color:var(--awb-custom17);border-color:var(--awb-custom17);border-top-width:1px;\"><\/div><\/div><\/div><\/div><\/div><\/div>","protected":false},"excerpt":{"rendered":"","protected":false},"author":13,"featured_media":112138,"parent":10536,"menu_order":0,"comment_status":"open","ping_status":"closed","template":"","meta":{"_tec_requires_first_save":true,"_monsterinsights_skip_tracking":false,"_monsterinsights_sitenote_active":false,"_monsterinsights_sitenote_note":"","_monsterinsights_sitenote_category":0,"_EventAllDay":false,"_EventTimezone":"","_EventStartDate":"","_EventEndDate":"","_EventStartDateUTC":"","_EventEndDateUTC":"","_EventShowMap":false,"_EventShowMapLink":false,"_EventURL":"","_EventCost":"","_EventCostDescription":"","_EventCurrencySymbol":"","_EventCurrencyCode":"","_EventCurrencyPosition":"","_EventDateTimeSeparator":"","_EventTimeRangeSeparator":"","_EventOrganizerID":[],"_EventVenueID":[],"_OrganizerEmail":"","_OrganizerPhone":"","_OrganizerWebsite":"","_VenueAddress":"","_VenueCity":"","_VenueCountry":"","_VenueProvince":"","_VenueState":"","_VenueZip":"","_VenuePhone":"","_VenueURL":"","_VenueStateProvince":"","_VenueLat":"","_VenueLng":"","_VenueShowMap":false,"_VenueShowMapLink":false,"_tribe_blocks_recurrence_rules":"","_tribe_blocks_recurrence_description":"","_tribe_blocks_recurrence_exclusions":"","footnotes":""},"class_list":["post-10537","page","type-page","status-publish","has-post-thumbnail","hentry"],"_links":{"self":[{"href":"https:\/\/www.lasalle.org\/fr\/wp-json\/wp\/v2\/pages\/10537","targetHints":{"allow":["GET"]}}],"collection":[{"href":"https:\/\/www.lasalle.org\/fr\/wp-json\/wp\/v2\/pages"}],"about":[{"href":"https:\/\/www.lasalle.org\/fr\/wp-json\/wp\/v2\/types\/page"}],"author":[{"embeddable":true,"href":"https:\/\/www.lasalle.org\/fr\/wp-json\/wp\/v2\/users\/13"}],"replies":[{"embeddable":true,"href":"https:\/\/www.lasalle.org\/fr\/wp-json\/wp\/v2\/comments?post=10537"}],"version-history":[{"count":5,"href":"https:\/\/www.lasalle.org\/fr\/wp-json\/wp\/v2\/pages\/10537\/revisions"}],"predecessor-version":[{"id":116200,"href":"https:\/\/www.lasalle.org\/fr\/wp-json\/wp\/v2\/pages\/10537\/revisions\/116200"}],"up":[{"embeddable":true,"href":"https:\/\/www.lasalle.org\/fr\/wp-json\/wp\/v2\/pages\/10536"}],"wp:featuredmedia":[{"embeddable":true,"href":"https:\/\/www.lasalle.org\/fr\/wp-json\/wp\/v2\/media\/112138"}],"wp:attachment":[{"href":"https:\/\/www.lasalle.org\/fr\/wp-json\/wp\/v2\/media?parent=10537"}],"curies":[{"name":"wp","href":"https:\/\/api.w.org\/{rel}","templated":true}]}}

Bienheureux Arnould Rèche

<div class="fusion-fullwidth fullwidth-box fusion-builder-row-1 fusion-flex-container has-pattern-background has-mask-background nonhundred-percent-fullwidth non-hundred-percent-height-scrolling" style="--awb-border-radius-top-left:0px;--awb-border-radius-top-right:0px;--awb-border-radius-bottom-right:0px;--awb-border-radius-bottom-left:0px;--awb-flex-wrap:wrap;" ><div class="fusion-builder-row fusion-row fusion-flex-align-items-flex-start fusion-flex-content-wrap" style="max-width:1248px;margin-left: calc(-4% / 2 );margin-right: calc(-4% / 2 );"><div class="fusion-layout-column fusion_builder_column fusion-builder-column-0 fusion_builder_column_3_4 3_4 fusion-flex-column" style="--awb-bg-size:cover;--awb-width-large:75%;--awb-margin-top-large:0px;--awb-spacing-right-large:2.56%;--awb-margin-bottom-large:20px;--awb-spacing-left-large:2.56%;--awb-width-medium:75%;--awb-order-medium:0;--awb-spacing-right-medium:2.56%;--awb-spacing-left-medium:2.56%;--awb-width-small:100%;--awb-order-small:0;--awb-spacing-right-small:1.92%;--awb-spacing-left-small:1.92%;"><div class="fusion-column-wrapper fusion-column-has-shadow fusion-flex-justify-content-flex-start fusion-content-layout-column"><div class="fusion-title title fusion-title-1 sep-underline sep-solid fusion-title-text fusion-title-size-two" style="--awb-text-color:var(--awb-custom17);--awb-sep-color:var(--awb-custom17);--awb-font-size:22px;"><h2 class="fusion-title-heading title-heading-left" style="margin:0;font-size:1em;">Bienheureux Arnould Rèche</h2></div><div class="fusion-text fusion-text-1"><div class="wp-block-image">
<figure class="alignright is-resized"><img decoding="async" class="wp-image-2637" src="http://www.lasalle.org/wp-content/uploads/2018/11/arnold_reche.png" alt="" width="182" height="245" srcset="https://www.lasalle.org/wp-content/uploads/2018/11/arnold_reche-223x300.png 223w, https://www.lasalle.org/wp-content/uploads/2018/11/arnold_reche.png 364w" sizes="(max-width: 182px) 100vw, 182px" /></figure>
</div>
<p><!-- /wp:post-content --></p>
<p><!-- wp:paragraph --></p>
<p>Jules-Nicolas Rèche naît dans une famille pauvre de Landroff en Lorraine. Il quitte l&rsquo;école de bonne heure pour travailler comme palefrenier, cocher et enfin charretier au service d&rsquo;une entreprise de construction. Jeune homme il est connu parmi ses compagnons de travail pour sa piété et son autodiscipline.</p>
<p><!-- /wp:paragraph --></p>
<p><!-- wp:paragraph --></p>
<p>Il rencontre les Frères pour la première fois quand il suit des classes du soir et il demande à entrer dans la congrégation. Il enseigne pendant quatorze ans dans un pensionnat de la rue de Venise à Reims. Malgré les exigences d&rsquo;un temps complet d&rsquo;enseignement, il parvient à étudier et devient compétent en théologie, mathématiques, sciences et agriculture qu&rsquo;il enseigne à de petits groupes d&rsquo;élèves plus avancés. Pendant la guerre Franco-Prussienne de 1870, il travaille avec d&rsquo;autres Frères comme infirmier pour répondre aux besoins médicaux et spirituels des blessés des deux camps.</p>
<p><!-- /wp:paragraph --></p>
<p><!-- wp:paragraph --></p>
<p>Il reçoit pour cela la croix de bronze. L&rsquo;intensité de sa vie de prière et son amour des pratiques de pénitence poussent les supérieurs à le nommer Directeur des Novices à Thillois. Il gagne le cour de ceux dont il est chargé par son attention évidente à leur développement spirituel et professionnel.</p>
<p><!-- /wp:paragraph --></p>
<p><!-- wp:paragraph --></p>
<p>On parle de petits miracles de guérison, aussi bien que de son aptitude étrange à discerner les pensées secrètes. Frère Arnould est connu pour sa dévotion à la Passion du Sauveur et sa docilité au Saint Esprit, qui, comme il le fait souvent remarquer « fortifie le cour des hommes ». Quand le noviciat se transporte à un nouveau centre à Courlancy près de Reims en 1885, Frère Arnould contribue à le faire dédier au Sacré Cour. Il meurt à l&rsquo;âge de cinquante-deux ans en réputation de sainteté, quelques mois seulement après sa désignation comme Directeur général du Sacré-Cour.</p>
</div><div class="fusion-text fusion-text-2"><p><div class="video-shortcode"><iframe title="Bienheureux Frère Arnould Rèche – “Vie de prière et amour de l’éducation”" width="1200" height="675" src="https://www.youtube.com/embed/MRrO7D7yL8M?feature=oembed" frameborder="0" allow="accelerometer; autoplay; clipboard-write; encrypted-media; gyroscope; picture-in-picture; web-share" referrerpolicy="strict-origin-when-cross-origin" allowfullscreen></iframe></div></p>
</div><div class="fusion-separator fusion-full-width-sep" style="align-self: center;margin-left: auto;margin-right: auto;margin-top:15px;margin-bottom:15px;width:100%;"><div class="fusion-separator-border sep-single sep-solid" style="--awb-height:20px;--awb-amount:20px;--awb-sep-color:var(--awb-custom17);border-color:var(--awb-custom17);border-top-width:1px;"></div></div><nav class="fusion-breadcrumbs fusion-breadcrumbs-1" style="--awb-breadcrumb-sep:&#039;/&#039;;" aria-label="Breadcrumb"><ol class="awb-breadcrumb-list"></ol></nav></div></div><div class="fusion-layout-column fusion_builder_column fusion-builder-column-1 fusion_builder_column_1_4 1_4 fusion-flex-column" style="--awb-bg-size:cover;--awb-width-large:25%;--awb-margin-top-large:0px;--awb-spacing-right-large:7.68%;--awb-margin-bottom-large:20px;--awb-spacing-left-large:7.68%;--awb-width-medium:25%;--awb-order-medium:0;--awb-spacing-right-medium:7.68%;--awb-spacing-left-medium:7.68%;--awb-width-small:100%;--awb-order-small:0;--awb-spacing-right-small:1.92%;--awb-spacing-left-small:1.92%;"><div class="fusion-column-wrapper fusion-column-has-shadow fusion-flex-justify-content-flex-start fusion-content-layout-column"><div class="fusion-title title fusion-title-2 sep-underline sep-solid fusion-title-text fusion-title-size-two" style="--awb-text-color:var(--awb-custom17);--awb-sep-color:var(--awb-custom17);--awb-font-size:22px;"><h2 class="fusion-title-heading title-heading-left" style="margin:0;font-size:1em;">Dates importantes</h2></div><ul style="--awb-line-height:27.2px;--awb-icon-width:27.2px;--awb-icon-height:27.2px;--awb-icon-margin:11.2px;--awb-content-margin:38.4px;--awb-circlecolor:var(--awb-custom17);--awb-circle-yes-font-size:14.08px;" class="fusion-checklist fusion-checklist-1 fusion-checklist-default type-icons"><li class="fusion-li-item" style=""><span class="icon-wrapper circle-yes"><i class="fusion-li-icon fa-star-half far" aria-hidden="true"></i></span><div class="fusion-li-item-content">
<p><strong>Mémoire liturgique : 23 octobre</strong></p>
</div></li><li class="fusion-li-item" style=""><span class="icon-wrapper circle-yes"><i class="fusion-li-icon fa-star-half far" aria-hidden="true"></i></span><div class="fusion-li-item-content">
<p>Né à Landroff, France, le 2 septembre 1838</p>
</div></li><li class="fusion-li-item" style=""><span class="icon-wrapper circle-yes"><i class="fusion-li-icon fa-star-half far" aria-hidden="true"></i></span><div class="fusion-li-item-content">
<p>Entré au noviciat, le 23 décembre 1862</p>
</div></li><li class="fusion-li-item" style=""><span class="icon-wrapper circle-yes"><i class="fusion-li-icon fa-star-half far" aria-hidden="true"></i></span><div class="fusion-li-item-content">
<p>Mort à Reims, France, le 23 octobre 1890</p>
</div></li><li class="fusion-li-item" style=""><span class="icon-wrapper circle-yes"><i class="fusion-li-icon fa-star-half far" aria-hidden="true"></i></span><div class="fusion-li-item-content">
<p>Béatifié le 1er novembre 1987</p>
</div></li></ul><div class="fusion-separator fusion-full-width-sep" style="align-self: center;margin-left: auto;margin-right: auto;margin-top:15px;margin-bottom:15px;width:100%;"></div><div class="fusion-title title fusion-title-3 sep-underline sep-solid fusion-title-text fusion-title-size-two" style="--awb-text-color:var(--awb-custom17);--awb-sep-color:var(--awb-custom17);--awb-font-size:22px;"><h2 class="fusion-title-heading title-heading-left" style="margin:0;font-size:1em;">Ressources</h2></div><ul style="--awb-line-height:27.2px;--awb-icon-width:27.2px;--awb-icon-height:27.2px;--awb-icon-margin:11.2px;--awb-content-margin:38.4px;--awb-circlecolor:var(--awb-custom17);--awb-circle-yes-font-size:14.08px;" class="fusion-checklist fusion-checklist-2 fusion-checklist-default type-icons"><li class="fusion-li-item" style=""><span class="icon-wrapper circle-yes"><i class="fusion-li-icon fa-file-image far" aria-hidden="true"></i></span><div class="fusion-li-item-content">
<p><a href="https://goo.gl/photos/aqA8YiSVtcmqUxxw6" target="_blank" rel="noreferrer noopener" aria-label="Bx Arnould Rèche (abre en una nueva pestaña)">Images</a></p>
</div></li><li class="fusion-li-item" style=""><span class="icon-wrapper circle-yes"><i class="fusion-li-icon fa-globe fas" aria-hidden="true"></i></span><div class="fusion-li-item-content">
<p><a href="https://bienheureux-frere-arnould.webador.fr/" target="_blank" rel="noreferrer noopener">Site dédié au Bienheureux Frère Arnould</a></p>
</div></li></ul><div class="fusion-separator fusion-full-width-sep" style="align-self: center;margin-left: auto;margin-right: auto;margin-top:15px;margin-bottom:15px;width:100%;"><div class="fusion-separator-border sep-single sep-solid" style="--awb-height:20px;--awb-amount:20px;--awb-sep-color:var(--awb-custom17);border-color:var(--awb-custom17);border-top-width:1px;"></div></div></div></div></div></div>
