{"id":10827,"date":"2018-12-10T14:03:23","date_gmt":"2018-12-10T14:03:23","guid":{"rendered":"http:\/\/lasalle.vl20054.dinaserver.com\/beato-arnould-reche\/"},"modified":"2025-07-24T10:18:06","modified_gmt":"2025-07-24T08:18:06","slug":"beato-arnould-reche","status":"publish","type":"page","link":"https:\/\/www.lasalle.org\/it\/santita-lasalliana\/beato-arnould-reche\/","title":{"rendered":"Beato Arnould R\u00e8che"},"content":{"rendered":"<div class=\"fusion-fullwidth fullwidth-box fusion-builder-row-1 fusion-flex-container has-pattern-background has-mask-background nonhundred-percent-fullwidth non-hundred-percent-height-scrolling\" style=\"--awb-border-radius-top-left:0px;--awb-border-radius-top-right:0px;--awb-border-radius-bottom-right:0px;--awb-border-radius-bottom-left:0px;--awb-flex-wrap:wrap;\" ><div class=\"fusion-builder-row fusion-row fusion-flex-align-items-flex-start fusion-flex-content-wrap\" style=\"max-width:1248px;margin-left: calc(-4% \/ 2 );margin-right: calc(-4% \/ 2 );\"><div class=\"fusion-layout-column fusion_builder_column fusion-builder-column-0 fusion_builder_column_3_4 3_4 fusion-flex-column\" style=\"--awb-bg-size:cover;--awb-width-large:75%;--awb-margin-top-large:0px;--awb-spacing-right-large:2.56%;--awb-margin-bottom-large:20px;--awb-spacing-left-large:2.56%;--awb-width-medium:75%;--awb-order-medium:0;--awb-spacing-right-medium:2.56%;--awb-spacing-left-medium:2.56%;--awb-width-small:100%;--awb-order-small:0;--awb-spacing-right-small:1.92%;--awb-spacing-left-small:1.92%;\"><div class=\"fusion-column-wrapper fusion-column-has-shadow fusion-flex-justify-content-flex-start fusion-content-layout-column\"><div class=\"fusion-title title fusion-title-1 sep-underline sep-solid fusion-title-text fusion-title-size-two\" style=\"--awb-text-color:var(--awb-custom17);--awb-sep-color:var(--awb-custom17);--awb-font-size:22px;\"><h2 class=\"fusion-title-heading title-heading-left\" style=\"margin:0;font-size:1em;\">Beato Arnould R\u00e8che<\/h2><\/div><div class=\"fusion-text fusion-text-1\"><div class=\"wp-block-image\">\n<figure class=\"alignright is-resized\"><img decoding=\"async\" src=\"http:\/\/www.lasalle.org\/wp-content\/uploads\/2018\/11\/arnold_reche.png\" alt=\"La imagen tiene un atributo ALT vac\u00c3\u00ado; su nombre de archivo es arnold_reche.png\" width=\"182\" height=\"245\" \/><\/figure>\n<\/div>\n<p><!-- \/wp:post-content --><\/p>\n<p><!-- wp:paragraph --><\/p>\n<p>Jules-Nicolas R\u00e8che nasce da una famiglia povera di Landroff, in Lorena. Lascia presto la scuola per lavorare come palafreniere, cocchiere e infine carrettiere al servizio di un&#8217;impresa di costruzione. Da giovane si fa conoscere dai suoi compagni di lavoro per la piet\u00e0 e l&#8217;auto-disciplina. Incontra i Fratelli per la prima volta in occasione di corsi serali cui partecipa, e fa domanda di entrare nella Congregazione. Insegna per quattordici anni in un collegio della via Venise a Reims. Malgrado le esigenze dell&#8217;insegnamento a tempo pieno, riesce a studiare e a diventare esperto in teologia, matematica scienze ed agricoltura, che insegna a piccoli gruppi di alunni pi\u00f9 preparati.<\/p>\n<p><!-- \/wp:paragraph --><\/p>\n<p><!-- wp:paragraph --><\/p>\n<p>Durante la guerra franco-prussiana del 1870, lavora con altri Fratelli come infermiere per rispondere ai bisogni medici e spirituali dei feriti sul campo. Per questo, riceve la croce di bronzo. L&#8217;intensit\u00e0 della sua vita di preghiera ed il suo amore per le pratiche di penitenza, spingono i superiori a nominarlo Direttore dei Novizi a Thillois.<\/p>\n<p><!-- \/wp:paragraph --><\/p>\n<p><!-- wp:paragraph --><\/p>\n<p>Conquista il cuore di coloro che sono affidati alle sue cure per la particolare attenzione che presta al loro sviluppo spirituale e professionale. Si comincia a parlare di piccoli miracoli di guarigione, cos\u00ec come della sua strana capacit\u00e0 a leggere i pensieri segreti. Fr. Arnould \u00e8 conosciuto per la sua devozione alla Passione del Salvatore e la sua docilit\u00e0 allo Spirito Santo, che, come lui stesso fa spesso notare, &#8220;fortifica il cuore degli uomini&#8221;. Quando il noviziato si traferisce presso un nuovo centro a Courlancy, vicino a Reims, nel 1855, Fr. Arnould contribuisce a farlo dedicare al Sacro Cuore. Muore all&#8217;et\u00e0 di cinquantadue anni in fama di santit\u00e0, qualche mese soltanto dopo la sua nomina a Direttore generale del Sacro Cuore.<\/p>\n<\/div><div class=\"fusion-text fusion-text-2\"><p><div class=\"video-shortcode\"><iframe title=\"Bienheureux Fr\u00e8re Arnould R\u00e8che \u2013 \u201cVie de pri\u00e8re et amour de l\u2019\u00e9ducation\u201d\" width=\"1200\" height=\"675\" src=\"https:\/\/www.youtube.com\/embed\/MRrO7D7yL8M?feature=oembed\" frameborder=\"0\" allow=\"accelerometer; autoplay; clipboard-write; encrypted-media; gyroscope; picture-in-picture; web-share\" referrerpolicy=\"strict-origin-when-cross-origin\" allowfullscreen><\/iframe><\/div><\/p>\n<\/div><div class=\"fusion-separator fusion-full-width-sep\" style=\"align-self: center;margin-left: auto;margin-right: auto;margin-top:15px;margin-bottom:15px;width:100%;\"><div class=\"fusion-separator-border sep-single sep-solid\" style=\"--awb-height:20px;--awb-amount:20px;--awb-sep-color:var(--awb-custom17);border-color:var(--awb-custom17);border-top-width:1px;\"><\/div><\/div><nav class=\"fusion-breadcrumbs fusion-breadcrumbs-1\" style=\"--awb-breadcrumb-sep:&#039;\/&#039;;\" aria-label=\"Breadcrumb\"><ol class=\"awb-breadcrumb-list\"><\/ol><\/nav><\/div><\/div><div class=\"fusion-layout-column fusion_builder_column fusion-builder-column-1 fusion_builder_column_1_4 1_4 fusion-flex-column\" style=\"--awb-bg-size:cover;--awb-width-large:25%;--awb-margin-top-large:0px;--awb-spacing-right-large:7.68%;--awb-margin-bottom-large:20px;--awb-spacing-left-large:7.68%;--awb-width-medium:25%;--awb-order-medium:0;--awb-spacing-right-medium:7.68%;--awb-spacing-left-medium:7.68%;--awb-width-small:100%;--awb-order-small:0;--awb-spacing-right-small:1.92%;--awb-spacing-left-small:1.92%;\"><div class=\"fusion-column-wrapper fusion-column-has-shadow fusion-flex-justify-content-flex-start fusion-content-layout-column\"><div class=\"fusion-title title fusion-title-2 sep-underline sep-solid fusion-title-text fusion-title-size-two\" style=\"--awb-text-color:var(--awb-custom17);--awb-sep-color:var(--awb-custom17);--awb-font-size:22px;\"><h2 class=\"fusion-title-heading title-heading-left\" style=\"margin:0;font-size:1em;\">Date importanti<\/h2><\/div><ul style=\"--awb-line-height:27.2px;--awb-icon-width:27.2px;--awb-icon-height:27.2px;--awb-icon-margin:11.2px;--awb-content-margin:38.4px;--awb-circlecolor:var(--awb-custom17);--awb-circle-yes-font-size:14.08px;\" class=\"fusion-checklist fusion-checklist-1 fusion-checklist-default type-icons\"><li class=\"fusion-li-item\" style=\"\"><span class=\"icon-wrapper circle-yes\"><i class=\"fusion-li-icon fa-star-half far\" aria-hidden=\"true\"><\/i><\/span><div class=\"fusion-li-item-content\">\r\n<p><strong>Memoria liturgica: 23 ottobre<\/strong><\/p>\r\n<\/div><\/li><li class=\"fusion-li-item\" style=\"\"><span class=\"icon-wrapper circle-yes\"><i class=\"fusion-li-icon fa-star-half far\" aria-hidden=\"true\"><\/i><\/span><div class=\"fusion-li-item-content\">\r\n<p>Nato a Landroff, Francia, il 2 settembre 1838<\/p>\r\n<\/div><\/li><li class=\"fusion-li-item\" style=\"\"><span class=\"icon-wrapper circle-yes\"><i class=\"fusion-li-icon fa-star-half far\" aria-hidden=\"true\"><\/i><\/span><div class=\"fusion-li-item-content\">\r\n<p>Entrato nel Noviziato il 23 dicembre 1862<\/p>\r\n<\/div><\/li><li class=\"fusion-li-item\" style=\"\"><span class=\"icon-wrapper circle-yes\"><i class=\"fusion-li-icon fa-star-half far\" aria-hidden=\"true\"><\/i><\/span><div class=\"fusion-li-item-content\">\r\n<p>Morto a Reims, Francia, il 23 ottobre 1890<\/p>\r\n<\/div><\/li><li class=\"fusion-li-item\" style=\"\"><span class=\"icon-wrapper circle-yes\"><i class=\"fusion-li-icon fa-star-half far\" aria-hidden=\"true\"><\/i><\/span><div class=\"fusion-li-item-content\">\r\n<p>Beatificato il 1\u00b0 novembre 1987<\/p>\r\n<\/div><\/li><\/ul><div class=\"fusion-separator fusion-full-width-sep\" style=\"align-self: center;margin-left: auto;margin-right: auto;margin-top:15px;margin-bottom:15px;width:100%;\"><\/div><div class=\"fusion-title title fusion-title-3 sep-underline sep-solid fusion-title-text fusion-title-size-two\" style=\"--awb-text-color:var(--awb-custom17);--awb-sep-color:var(--awb-custom17);--awb-font-size:22px;\"><h2 class=\"fusion-title-heading title-heading-left\" style=\"margin:0;font-size:1em;\">Risorse<\/h2><\/div><ul style=\"--awb-line-height:27.2px;--awb-icon-width:27.2px;--awb-icon-height:27.2px;--awb-icon-margin:11.2px;--awb-content-margin:38.4px;--awb-circlecolor:var(--awb-custom17);--awb-circle-yes-font-size:14.08px;\" class=\"fusion-checklist fusion-checklist-2 fusion-checklist-default type-icons\"><li class=\"fusion-li-item\" style=\"\"><span class=\"icon-wrapper circle-yes\"><i class=\"fusion-li-icon fa-file-image far\" aria-hidden=\"true\"><\/i><\/span><div class=\"fusion-li-item-content\">\r\n<p><a href=\"https:\/\/goo.gl\/photos\/aqA8YiSVtcmqUxxw6\" target=\"_blank\" rel=\"noreferrer noopener\">Immagini<\/a><\/p>\r\n<\/div><\/li><li class=\"fusion-li-item\" style=\"\"><span class=\"icon-wrapper circle-yes\"><i class=\"fusion-li-icon fa-globe fas\" aria-hidden=\"true\"><\/i><\/span><div class=\"fusion-li-item-content\">\r\n<p><a href=\"https:\/\/bienheureux-frere-arnould.webador.fr\/\" target=\"_blank\" rel=\"noreferrer noopener\">Sitio web dedicato al Beato Fratel Arnould<\/a><\/p>\r\n<\/div><\/li><\/ul><div class=\"fusion-separator fusion-full-width-sep\" style=\"align-self: center;margin-left: auto;margin-right: auto;margin-top:15px;margin-bottom:15px;width:100%;\"><div class=\"fusion-separator-border sep-single sep-solid\" style=\"--awb-height:20px;--awb-amount:20px;--awb-sep-color:var(--awb-custom17);border-color:var(--awb-custom17);border-top-width:1px;\"><\/div><\/div><\/div><\/div><\/div><\/div>","protected":false},"excerpt":{"rendered":"","protected":false},"author":13,"featured_media":112139,"parent":10826,"menu_order":0,"comment_status":"open","ping_status":"closed","template":"","meta":{"_tec_requires_first_save":true,"_monsterinsights_skip_tracking":false,"_monsterinsights_sitenote_active":false,"_monsterinsights_sitenote_note":"","_monsterinsights_sitenote_category":0,"_EventAllDay":false,"_EventTimezone":"","_EventStartDate":"","_EventEndDate":"","_EventStartDateUTC":"","_EventEndDateUTC":"","_EventShowMap":false,"_EventShowMapLink":false,"_EventURL":"","_EventCost":"","_EventCostDescription":"","_EventCurrencySymbol":"","_EventCurrencyCode":"","_EventCurrencyPosition":"","_EventDateTimeSeparator":"","_EventTimeRangeSeparator":"","_EventOrganizerID":[],"_EventVenueID":[],"_OrganizerEmail":"","_OrganizerPhone":"","_OrganizerWebsite":"","_VenueAddress":"","_VenueCity":"","_VenueCountry":"","_VenueProvince":"","_VenueState":"","_VenueZip":"","_VenuePhone":"","_VenueURL":"","_VenueStateProvince":"","_VenueLat":"","_VenueLng":"","_VenueShowMap":false,"_VenueShowMapLink":false,"_tribe_blocks_recurrence_rules":"","_tribe_blocks_recurrence_description":"","_tribe_blocks_recurrence_exclusions":"","footnotes":""},"class_list":["post-10827","page","type-page","status-publish","has-post-thumbnail","hentry"],"_links":{"self":[{"href":"https:\/\/www.lasalle.org\/it\/wp-json\/wp\/v2\/pages\/10827","targetHints":{"allow":["GET"]}}],"collection":[{"href":"https:\/\/www.lasalle.org\/it\/wp-json\/wp\/v2\/pages"}],"about":[{"href":"https:\/\/www.lasalle.org\/it\/wp-json\/wp\/v2\/types\/page"}],"author":[{"embeddable":true,"href":"https:\/\/www.lasalle.org\/it\/wp-json\/wp\/v2\/users\/13"}],"replies":[{"embeddable":true,"href":"https:\/\/www.lasalle.org\/it\/wp-json\/wp\/v2\/comments?post=10827"}],"version-history":[{"count":5,"href":"https:\/\/www.lasalle.org\/it\/wp-json\/wp\/v2\/pages\/10827\/revisions"}],"predecessor-version":[{"id":116199,"href":"https:\/\/www.lasalle.org\/it\/wp-json\/wp\/v2\/pages\/10827\/revisions\/116199"}],"up":[{"embeddable":true,"href":"https:\/\/www.lasalle.org\/it\/wp-json\/wp\/v2\/pages\/10826"}],"wp:featuredmedia":[{"embeddable":true,"href":"https:\/\/www.lasalle.org\/it\/wp-json\/wp\/v2\/media\/112139"}],"wp:attachment":[{"href":"https:\/\/www.lasalle.org\/it\/wp-json\/wp\/v2\/media?parent=10827"}],"curies":[{"name":"wp","href":"https:\/\/api.w.org\/{rel}","templated":true}]}}

Beato Arnould Rèche

<div class="fusion-fullwidth fullwidth-box fusion-builder-row-1 fusion-flex-container has-pattern-background has-mask-background nonhundred-percent-fullwidth non-hundred-percent-height-scrolling" style="--awb-border-radius-top-left:0px;--awb-border-radius-top-right:0px;--awb-border-radius-bottom-right:0px;--awb-border-radius-bottom-left:0px;--awb-flex-wrap:wrap;" ><div class="fusion-builder-row fusion-row fusion-flex-align-items-flex-start fusion-flex-content-wrap" style="max-width:1248px;margin-left: calc(-4% / 2 );margin-right: calc(-4% / 2 );"><div class="fusion-layout-column fusion_builder_column fusion-builder-column-0 fusion_builder_column_3_4 3_4 fusion-flex-column" style="--awb-bg-size:cover;--awb-width-large:75%;--awb-margin-top-large:0px;--awb-spacing-right-large:2.56%;--awb-margin-bottom-large:20px;--awb-spacing-left-large:2.56%;--awb-width-medium:75%;--awb-order-medium:0;--awb-spacing-right-medium:2.56%;--awb-spacing-left-medium:2.56%;--awb-width-small:100%;--awb-order-small:0;--awb-spacing-right-small:1.92%;--awb-spacing-left-small:1.92%;"><div class="fusion-column-wrapper fusion-column-has-shadow fusion-flex-justify-content-flex-start fusion-content-layout-column"><div class="fusion-title title fusion-title-1 sep-underline sep-solid fusion-title-text fusion-title-size-two" style="--awb-text-color:var(--awb-custom17);--awb-sep-color:var(--awb-custom17);--awb-font-size:22px;"><h2 class="fusion-title-heading title-heading-left" style="margin:0;font-size:1em;">Beato Arnould Rèche</h2></div><div class="fusion-text fusion-text-1"><div class="wp-block-image">
<figure class="alignright is-resized"><img decoding="async" src="http://www.lasalle.org/wp-content/uploads/2018/11/arnold_reche.png" alt="La imagen tiene un atributo ALT vacÃ­o; su nombre de archivo es arnold_reche.png" width="182" height="245" /></figure>
</div>
<p><!-- /wp:post-content --></p>
<p><!-- wp:paragraph --></p>
<p>Jules-Nicolas Rèche nasce da una famiglia povera di Landroff, in Lorena. Lascia presto la scuola per lavorare come palafreniere, cocchiere e infine carrettiere al servizio di un&#8217;impresa di costruzione. Da giovane si fa conoscere dai suoi compagni di lavoro per la pietà e l&#8217;auto-disciplina. Incontra i Fratelli per la prima volta in occasione di corsi serali cui partecipa, e fa domanda di entrare nella Congregazione. Insegna per quattordici anni in un collegio della via Venise a Reims. Malgrado le esigenze dell&#8217;insegnamento a tempo pieno, riesce a studiare e a diventare esperto in teologia, matematica scienze ed agricoltura, che insegna a piccoli gruppi di alunni più preparati.</p>
<p><!-- /wp:paragraph --></p>
<p><!-- wp:paragraph --></p>
<p>Durante la guerra franco-prussiana del 1870, lavora con altri Fratelli come infermiere per rispondere ai bisogni medici e spirituali dei feriti sul campo. Per questo, riceve la croce di bronzo. L&#8217;intensità della sua vita di preghiera ed il suo amore per le pratiche di penitenza, spingono i superiori a nominarlo Direttore dei Novizi a Thillois.</p>
<p><!-- /wp:paragraph --></p>
<p><!-- wp:paragraph --></p>
<p>Conquista il cuore di coloro che sono affidati alle sue cure per la particolare attenzione che presta al loro sviluppo spirituale e professionale. Si comincia a parlare di piccoli miracoli di guarigione, così come della sua strana capacità a leggere i pensieri segreti. Fr. Arnould è conosciuto per la sua devozione alla Passione del Salvatore e la sua docilità allo Spirito Santo, che, come lui stesso fa spesso notare, &#8220;fortifica il cuore degli uomini&#8221;. Quando il noviziato si traferisce presso un nuovo centro a Courlancy, vicino a Reims, nel 1855, Fr. Arnould contribuisce a farlo dedicare al Sacro Cuore. Muore all&#8217;età di cinquantadue anni in fama di santità, qualche mese soltanto dopo la sua nomina a Direttore generale del Sacro Cuore.</p>
</div><div class="fusion-text fusion-text-2"><p><div class="video-shortcode"><iframe title="Bienheureux Frère Arnould Rèche – “Vie de prière et amour de l’éducation”" width="1200" height="675" src="https://www.youtube.com/embed/MRrO7D7yL8M?feature=oembed" frameborder="0" allow="accelerometer; autoplay; clipboard-write; encrypted-media; gyroscope; picture-in-picture; web-share" referrerpolicy="strict-origin-when-cross-origin" allowfullscreen></iframe></div></p>
</div><div class="fusion-separator fusion-full-width-sep" style="align-self: center;margin-left: auto;margin-right: auto;margin-top:15px;margin-bottom:15px;width:100%;"><div class="fusion-separator-border sep-single sep-solid" style="--awb-height:20px;--awb-amount:20px;--awb-sep-color:var(--awb-custom17);border-color:var(--awb-custom17);border-top-width:1px;"></div></div><nav class="fusion-breadcrumbs fusion-breadcrumbs-1" style="--awb-breadcrumb-sep:&#039;/&#039;;" aria-label="Breadcrumb"><ol class="awb-breadcrumb-list"></ol></nav></div></div><div class="fusion-layout-column fusion_builder_column fusion-builder-column-1 fusion_builder_column_1_4 1_4 fusion-flex-column" style="--awb-bg-size:cover;--awb-width-large:25%;--awb-margin-top-large:0px;--awb-spacing-right-large:7.68%;--awb-margin-bottom-large:20px;--awb-spacing-left-large:7.68%;--awb-width-medium:25%;--awb-order-medium:0;--awb-spacing-right-medium:7.68%;--awb-spacing-left-medium:7.68%;--awb-width-small:100%;--awb-order-small:0;--awb-spacing-right-small:1.92%;--awb-spacing-left-small:1.92%;"><div class="fusion-column-wrapper fusion-column-has-shadow fusion-flex-justify-content-flex-start fusion-content-layout-column"><div class="fusion-title title fusion-title-2 sep-underline sep-solid fusion-title-text fusion-title-size-two" style="--awb-text-color:var(--awb-custom17);--awb-sep-color:var(--awb-custom17);--awb-font-size:22px;"><h2 class="fusion-title-heading title-heading-left" style="margin:0;font-size:1em;">Date importanti</h2></div><ul style="--awb-line-height:27.2px;--awb-icon-width:27.2px;--awb-icon-height:27.2px;--awb-icon-margin:11.2px;--awb-content-margin:38.4px;--awb-circlecolor:var(--awb-custom17);--awb-circle-yes-font-size:14.08px;" class="fusion-checklist fusion-checklist-1 fusion-checklist-default type-icons"><li class="fusion-li-item" style=""><span class="icon-wrapper circle-yes"><i class="fusion-li-icon fa-star-half far" aria-hidden="true"></i></span><div class="fusion-li-item-content">
<p><strong>Memoria liturgica: 23 ottobre</strong></p>
</div></li><li class="fusion-li-item" style=""><span class="icon-wrapper circle-yes"><i class="fusion-li-icon fa-star-half far" aria-hidden="true"></i></span><div class="fusion-li-item-content">
<p>Nato a Landroff, Francia, il 2 settembre 1838</p>
</div></li><li class="fusion-li-item" style=""><span class="icon-wrapper circle-yes"><i class="fusion-li-icon fa-star-half far" aria-hidden="true"></i></span><div class="fusion-li-item-content">
<p>Entrato nel Noviziato il 23 dicembre 1862</p>
</div></li><li class="fusion-li-item" style=""><span class="icon-wrapper circle-yes"><i class="fusion-li-icon fa-star-half far" aria-hidden="true"></i></span><div class="fusion-li-item-content">
<p>Morto a Reims, Francia, il 23 ottobre 1890</p>
</div></li><li class="fusion-li-item" style=""><span class="icon-wrapper circle-yes"><i class="fusion-li-icon fa-star-half far" aria-hidden="true"></i></span><div class="fusion-li-item-content">
<p>Beatificato il 1° novembre 1987</p>
</div></li></ul><div class="fusion-separator fusion-full-width-sep" style="align-self: center;margin-left: auto;margin-right: auto;margin-top:15px;margin-bottom:15px;width:100%;"></div><div class="fusion-title title fusion-title-3 sep-underline sep-solid fusion-title-text fusion-title-size-two" style="--awb-text-color:var(--awb-custom17);--awb-sep-color:var(--awb-custom17);--awb-font-size:22px;"><h2 class="fusion-title-heading title-heading-left" style="margin:0;font-size:1em;">Risorse</h2></div><ul style="--awb-line-height:27.2px;--awb-icon-width:27.2px;--awb-icon-height:27.2px;--awb-icon-margin:11.2px;--awb-content-margin:38.4px;--awb-circlecolor:var(--awb-custom17);--awb-circle-yes-font-size:14.08px;" class="fusion-checklist fusion-checklist-2 fusion-checklist-default type-icons"><li class="fusion-li-item" style=""><span class="icon-wrapper circle-yes"><i class="fusion-li-icon fa-file-image far" aria-hidden="true"></i></span><div class="fusion-li-item-content">
<p><a href="https://goo.gl/photos/aqA8YiSVtcmqUxxw6" target="_blank" rel="noreferrer noopener">Immagini</a></p>
</div></li><li class="fusion-li-item" style=""><span class="icon-wrapper circle-yes"><i class="fusion-li-icon fa-globe fas" aria-hidden="true"></i></span><div class="fusion-li-item-content">
<p><a href="https://bienheureux-frere-arnould.webador.fr/" target="_blank" rel="noreferrer noopener">Sitio web dedicato al Beato Fratel Arnould</a></p>
</div></li></ul><div class="fusion-separator fusion-full-width-sep" style="align-self: center;margin-left: auto;margin-right: auto;margin-top:15px;margin-bottom:15px;width:100%;"><div class="fusion-separator-border sep-single sep-solid" style="--awb-height:20px;--awb-amount:20px;--awb-sep-color:var(--awb-custom17);border-color:var(--awb-custom17);border-top-width:1px;"></div></div></div></div></div></div>
